divided by 20739.
828
What is the remainder when 852409 is divided by 852376?
33
Calculate the remainder when 604277434 is divided by 42.
40
What is the remainder when 163769 is divided by 540?
149
What is the remainder when 103409992 is divided by 3133636?
4
What is the remainder when 50726673 is divided by 286?
283
Calculate the remainder when 1265218 is divided by 5996.
62
What is the remainder when 20747 is divided by 4930?
1027
Calculate the remainder when 1486556 is divided by 7907.
40
What is the remainder when 6066649 is divided by 167?
40
What is the remainder when 84624896 is divided by 60?
56
What is the remainder when 2810982 is divided by 4685?
4667
What is the remainder when 70496103 is divided by 56?
55
Calculate the remainder when 46833967 is divided by 91.
89
What is the remainder when 6147672 is divided by 498?
360
Calculate the remainder when 178203 is divided by 4569.
12
What is the remainder when 8083212 is divided by 1484?
1348
Calculate the remainder when 9111560 is divided by 34.
2
Calculate the remainder when 1283850 is divided by 1902.
0
Calculate the remainder when 941671 is divided by 470833.
5
Calculate the remainder when 12170307 is divided by 644.
639
What is the remainder when 4630554 is divided by 2315255?
44
What is the remainder when 893932 is divided by 3063?
2599
What is the remainder when 57094 is divided by 154?
114
Calculate the remainder when 787306101 is divided by 2908.
2905
What is the remainder when 22217518 is divided by 933?
922
What is the remainder when 2700748 is divided by 3601?
3599
What is the remainder when 699593 is divided by 29147?
65
What is the remainder when 395990 is divided by 800?
790
What is the remainder when 43637003 is divided by 14545666?
5
What is the remainder when 252587 is divided by 63080?
267
What is the remainder when 2228577 is divided by 384?
225
What is the remainder when 3334238 is divided by 1667033?
172
What is the remainder when 50117031 is divided by 27?
9
Calculate the remainder when 11595147 is divided by 95827.
80
What is the remainder when 17860625 is divided by 435625?
0
Calculate the remainder when 1217448 is divided by 8346.
7278
What is the remainder when 15398411 is divided by 512?
11
What is the remainder when 18466809 is divided by 111920?
9
What is the remainder when 413510 is divided by 2339?
1846
Calculate the remainder when 1912065 is divided by 98.
85
Calculate the remainder when 1357113 is divided by 104392.
17
What is the remainder when 30498809 is divided by 1325?
1284
What is the remainder when 2846253 is divided by 86?
83
Calculate the remainder when 2176515 is divided by 13.
3
Calculate the remainder when 69014976 is divided by 420823.
4
What is the remainder when 242064 is divided by 257?
227
Calculate the remainder when 3428630 is divided by 66.
62
Calculate the remainder when 333373 is divided by 83340.
13
What is the remainder when 35736560 is divided by 510522?
20
Calculate the remainder when 3208510 is divided by 192.
190
Calculate the remainder when 48695933 is divided by 26.
13
Calculate the remainder when 309351 is divided by 834.
771
Calculate the remainder when 11204105 is divided by 3583.
64
Calculate the remainder when 50888 is divided by 16051.
2735
Calculate the remainder when 23017260 is divided by 29284.
36
What is the remainder when 8488349 is divided by 446754?
23
Calculate the remainder when 32200 is divided by 786.
760
What is the remainder when 4941243 is divided by 329410?
93
Calculate the remainder when 16533659 is divided by 1066.
1065
Calculate the remainder when 8665 is divided by 1067.
129
What is the remainder when 12624485 is divided by 143?
16
Calculate the remainder when 20742713 is divided by 492.
485
Calculate the remainder when 454746 is divided by 23921.
247
What is the remainder when 37902862 is divided by 2744?
2734
Calculate the remainder when 671727 is divided by 95794.
1169
What is the remainder when 242404735 is divided by 14?
13
Calculate the remainder when 54656 is divided by 7175.
4431
Calculate the remainder when 4983762 is divided by 3230.
3102
What is the remainder when 6620642 is divided by 4669?
0
What is the remainder when 31362425 is divided by 1493448?
17
What is the remainder when 100357501 is divided by 12936?
13
Calculate the remainder when 2710147 is divided by 7132.
7119
What is the remainder when 422966 is divided by 1177?
423
What is the remainder when 10390913 is divided by 60?
53
What is the remainder when 13600782 is divided by 120360?
102
What is the remainder when 1515533 is divided by 1515531?
2
What is the remainder when 45196 is divided by 564?
76
What is the remainder when 1694017 is divided by 275?
17
Calculate the remainder when 42072724 is divided by 60.
4
What is the remainder when 101644 is divided by 197?
189
Calculate the remainder when 3050614 is divided by 254216.
22
What is the remainder when 3272540 is divided by 241?
1
What is the remainder when 4797578 is divided by 7182?
2
Calculate the remainder when 10560617 is divided by 302.
281
Calculate the remainder when 14061985 is divided by 123.
10
What is the remainder when 559984 is divided by 199?
197
Calculate the remainder when 1088706 is divided by 206.
202
What is the remainder when 63069 is divided by 941?
22
What is the remainder when 20555242 is divided by 12831?
12811
Calculate the remainder when 108036026 is divided by 78.
20
What is the remainder when 822909 is divided by 411410?
89
Calculate the remainder when 204775 is divided by 13602.
745
What is the remainder when 9517887 is divided by 27429?
24
What is the remainder when 1537602 is divided by 69887?
88
What is the remainder when 391048 is divided by 1033?
574
Calculate the remainder when 60713 is divided by 30267.
179
What is the remainder when 100203 is divided by 97747?
2456
What is the remainder when 1699337 is divided by 283219?
23
Calculate the remainder when 4952004 is divided by 293.
11
What is the remainder when 102316 is divided by 5029?
1736
What is the remainder when 46461463 is divided by 56?
55
Calculate the remainder when 388329 is divided by 64691.
183
What is the remainder when 3836154 is divided by 411?
291
Calculate the remainder when 33120474 is divided by 59.
57
What is the remainder when 59831 is divided by 5410?
321
What is the remainder when 3554473 is divided by 99?
76
What is the remainder when 59453 is divided by 184?
21
What is the remainder when 5904 is divided by 523?
151
Calculate the remainder when 23399 is divided by 22722.
677
What is the remainder when 9237 is divided by 3705?
1827
Calculate the remainder when 64052092 is divided by 5.
2
Calculate the remainder when 259920 is divided by 3092.
192
What is the remainder when 1121752 is divided by 4035?
22
Calculate the remainder when 14139496 is divided by 7069744.
8
Calculate the remainder when 539783 is divided by 69.
65
Calculate the remainder when 1892935 is divided by 26.
5
Calculate the remainder when 33623764 is divided by 88.
20
Calculate the remainder when 2705 is divided by 1266.
173
Calculate the remainder when 16176951 is divided by 22.
21
Calculate the remainder when 1105378 is divided by 1241.
888
What is the remainder when 15979055 is divided by 3791?
3781
Calculate the remainder when 1962029 is divided by 39.
17
What is the remainder when 215321450 is divided by 644675?
0
What is the remainder when 4807553 is divided by 119?
72
What is the remainder when 9781536 is divided by 34934?
16
Calculate the remainder when 82781 is divided by 226.
65
What is the remainder when 3844559 is divided by 240?
239
What is the remainder when 31016312 is divided by 55?
52
Calculate the remainder when 4010766 is divided by 668454.
42
What is the remainder when 1445844 is divided by 32?
20
Calculate the remainder when 1587510 is divided by 6461.
4565
Calculate the remainder when 5026498 is divided by 76159.
4
Calculate the remainder when 6384073 is divided by 911976.
241
Calculate the remainder when 524518 is divided by 4837.
2122
What is the remainder when 1031003 is divided by 103100?
3
What is the remainder when 91593891 is divided by 49?
4
Calculate the remainder when 56148 is divided by 282.
30
Calculate the remainder when 8053773 is divided by 123904.
13
Calc